 f is divided by h(162).
0
Let z = -54 - -92. Suppose -14*w + 2176 = 3*w. Let r = w - 106. Calculate the remainder when z is divided by r.
16
Suppose -3*g + 5*b + 27277 = 0, -5*b + 4546 = 3*g - 22771. What is the remainder when g is divided by 130?
129
Let a(x) = x**2 + 11*x. Let b = -32 + 21. Let z be a(b). Suppose 8 = 4*n, -5*q - 3*n = -z*n - 266. What is the remainder when q is divided by 14?
10
Let o = 3812 + -3703. What is the remainder when 761 is divided by o?
107
Let t = 7726 + -7710. What is the remainder when 574 is divided by t?
14
Let v = 2021 - 1722. Calculate the remainder when v is divided by 80.
59
Let j(i) = -i**3 + 4*i**2 + 23*i. Let s be j(7). What is the remainder when 43 is divided by (-6 + 4)*(-161)/s - 1?
21
Let d = 82 + -139. Let x = 61 + d. What is the remainder when ((-15)/2)/((-21)/28) is divided by x?
2
Suppose -s - 9*u + 50 = 0, 0 = -29*s + 29*s + 5*u - 20. What is the remainder when s is divided by (-11)/(1*-1 + 0)?
3
Calculate the remainder when 6650 is divided by (35 + -35)/(-30) - 2*-26.
46
Let o = 97 - 100. Let y be 5*(2 + o)/(-3 + 2). Suppose -8*h = -y*h - 114. What is the remainder when 112 is divided by h?
36
Let r(g) = 8*g**2 + 0 + 2*g - 5*g**2 + 3. Suppose x - 4 = 4*p, 5*p - 20 = 2*x - 22. Calculate the remainder when 83 is divided by r(x).
40
Let c be (664/5 - -1) + (-6)/(-30). Suppose 148 = 2*s + c. Calculate the remainder when 13 is divided by s.
6
Let y(v) = -v**2 + 37*v - 249. Suppose 5*u = u + 2*x + 86, -2*x - 63 = -3*u. What is the remainder when y(24) is divided by u?
17
Let h(l) = -254*l + 21106. Let m(y) = -y**2 + 18*y - 11. Let a = -2 + 10. Calculate the remainder when m(a) is divided by h(83).
21
Calculate the remainder when 1277 is divided by 31784/1972 - (-4)/(-34).
13
Let q = 13 - 2. Suppose -4*o + a + 48 + q = 0, -5*a = -3*o + 40. Suppose 2*d - w - 19 = 0, d + 1 = 5*w + 24. What is the remainder when o is divided by d?
7
Calculate the remainder when 746 is divided by ((-6)/(-7))/((-41)/(-2583)).
44
Let m(h) = -h + 1. Let l(g) = 7*g - 30. Let t(c) = l(c) + 3*m(c). What is the remainder when 148 is divided by t(18)?
13
What is the remainder when (-57750)/(-25) - (-13 - -20) is divided by 79?
12
Suppose -u = -2*u - 348. Let y = -183 - u. Let f = y + -76. What is the remainder when f is divided by 23?
20
Let f(p) be the second derivative of 0*p**4 + 13*p + 0*p**3 + 0 + 1/20*p**5 + 4*p**2. What is the remainder when 31 is divided by f(0)?
7
Let d(g) = 6*g**2 - 3*g - 3. Let x be d(-3). Suppose -5*l + 26 = w, -4*l - 2*w = 14 - 30. Calculate the remainder when (-2)/(-2)*x/3 is divided by l.
2
Let q be (-2)/(-11) + (-16)/88. Suppose -2*x - 3*x = q. Suppose x = k - 4*j - 24, 4*j = 3*k - 0*j - 64. Calculate the remainder when 258 is divided by k.
18
Let q(h) = h**3 + 14*h**2 + 63*h - 750. Calculate the remainder when q(10) is divided by 191.
179
Let g(w) = w**3 - 2*w**2 - 4*w - 7. Let a be g(5). Let d = 1055 + -1047. Suppose 4*t = d*t - a. What is the remainder when 46 is divided by t?
10
Let w = 14198 - 14121. What is the remainder when 3926 is divided by w?
76
Suppose -5*o = -4*u - 8908 + 3325, -4*u = 5*o - 5607. Calculate the remainder when o is divided by 59.
57
Let a = 9102 + -7520. Calculate the remainder when 4746 is divided by a.
0
Let z(f) = -22*f - 505. What is the remainder when 148 is divided by z(-24)?
10
Suppose 4*f - 3*x = 166 + 716, 3*f - 649 = -4*x. What is the remainder when f is divided by 38?
29
Suppose -2*f + 4 = -6. Suppose 3*z - 3*c = 15, -f*c = 4*z - 2*c - 55. What is the remainder when 79 is divided by z?
9
Suppose -130*u = -97*u - 2508. Calculate the remainder when 1289 is divided by u.
73
What is the remainder when -1*(-18 - -35 - 365) is divided by 29?
0
Suppose 8*h + h = 8*h + 11. Calculate the remainder when h is divided by (-3)/12 - 99/(-12).
3
Let m = 1249 - 497. Let c = 769 - m. Calculate the remainder when 3/(-1*(-2)/134) is divided by c.
14
Let m(o) = 3*o**3 - 2*o**2 - 32*o - 19. Calculate the remainder when 1914 is divided by m(5).
16
Suppose 354*z = 78*z + 2484. Let l(m) = m**2 + 4*m + 4. What is the remainder when l(-7) is divided by z?
7
Let r be 4/3*(-12)/(-8). Calculate the remainder when 82 is divided by r*(8/(6 + -2) + 9).
16
Let f = 10319 - 10261. Let i(s) = -43*s + 2. What is the remainder when f is divided by i(-1)?
13
Let w(r) = -54*r + 3267. Calculate the remainder when w(51) is divided by 183.
147
Let b(k) = -k**2 + 27*k + 89. Calculate the remainder when 183 is divided by b(0).
5
Let r = 62839 + -62833. What is the remainder when (0 - -1) + (1 - -55) is divided by r?
3
Calculate the remainder when 730/22*5 + ((-2)/22)/(-1) is divided by -2 + (-24)/(-14)*(-175)/(-10).
26
Let i(s) = 6*s**3 + 36*s**2 + 10*s + 14. What is the remainder when i(-5) is divided by 48?
18
Let d be 1/2 - 42/12. Let w be (3/d)/(5/(-135)). Let h = w - 12. What is the remainder when 42 is divided by h?
12
Let v be 3/3 + 2 + 0. Let b be (v/2)/((-5)/(-240)). Suppose 2*q - b = -2*q. What is the remainder when 70 is divided by q?
16
Let w = -112220 - -112421. What is the remainder when w is divided by 1 + 41 + (-2)/2?
37
Let i(l) = -130*l + 1127. Calculate the remainder when i(6) is divided by 51.
41
Let d(n) = -n**2 + 16*n + 67. Suppose -4*s = 3*q - 85, -4*s - 5*q = -0*s - 91. What is the remainder when 317 is divided by d(s)?
7
Let y(l) = 9*l**2 + 93*l - 191. Calculate the remainder when 650 is divided by y(2).
30
Let y = -57 - -58. Calculate the remainder when (((-8)/(-14))/y)/((-2)/(-91)) is divided by 4.
2
Let k(n) = -835*n - 3215. Calculate the remainder when k(-4) is divided by 124.
1
Suppose 4*q = 3*i - 41 - 40, -4*q = -5*i + 87. Calculate the remainder when (-36)/(-24)*(-192)/q is divided by 11.
5
Calculate the remainder when (-6 - (-83)/2)*694 is divided by 112.
109
Suppose -4*a - 5*x + 246 = 0, -3*x = a + 2*a - 183. What is the remainder when a is divided by ((-119)/(-238)*30/(-4))/((-1)/4)?
14
Let g be (-20)/(-12) + (-772)/(-12). Suppose 2*q = -3*l + 3*q + g, 2*l - 44 = -q. What is the remainder when 130 is divided by l?
20
Let v be ((-2)/4)/((-1)/(3 + 1)). Suppose g - 40 = -h, -5*h + 274 = -v*g + 95. What is the remainder when 182 is divided by h?
34
Let g(m) = m**3 - 4*m**2 + 4. Let w be g(4). Suppose 125 = w*z - 87. Let o(j) = -213*j + 2783. Calculate the remainder when z is divided by o(13).
11
Let u(j) = -j**3 - 23*j**2 - 17*j + 31. Let a be u(-22). Let x = -51 - a. Let z(o) = 8*o - 11. Calculate the remainder when z(8) is divided by x.
25
Calculate the remainder when (56 + -57)/(3/(-3867)) is divided by 37.
31
Suppose 276*a - 279*a = 15, -2*a = -2*g + 274. What is the remainder when g is divided by 52?
28
Suppose -620*f + 546*f + 15984 = 0. Calculate the remainder when 219 is divided by f.
3
Let q(r) = r**2 + 101*r - 1049. What is the remainder when q(-113) is divided by 43?
6
Suppose -6*g - 3 = -7*g. Let t(h) = h**2 - 3*h + 8. Calculate the remainder when 22 is divided by t(g).
6
Suppose -5*r - 2*s = -s - 41, -s = 2*r - 20. Calculate the remainder when 182 is divided by r.
0
Suppose -6*t - 100 = -5*o - t, 0 = -2*o + 5*t + 31. Let x = 484 - 480. Suppose 85 = x*i - o. Calculate the remainder when i is divided by 14.
13
Suppose -103*n = -14*n + 81*n - 261460. Calculate the remainder when n is divided by 11.
9
Suppose 91*o - 87*o = -16. Calculate the remainder when (1792/21)/(o/(-6)) is divided by 12.
8
Suppose -h + 108 = 4*j, 18*j - 246 = -2*h + 15*j. Let u = -23 - -68. Calculate the remainder when h is divided by u.
42
Let w = -2630 + 2785. Calculate the remainder when 475 is divided by w.
10
Suppose 8141 = 169*c - 402 - 752. Calculate the remainder when 3243 is divided by c.
53
Let i(c) = -7*c**3 + 13*c**2 - 7*c - 140. Calculate the remainder when i(-9) is divided by 80.
79
Let j be 292/((-14)/(-8) - (-9)/36). Let r = j + -83. Calculate the remainder when r is divided by 22.
19
Let l = 620 + -623. Let y(j) = 11*j**2 + 19*j - 6. What is the remainder when 103 is divided by y(l)?
31
Let g be 3*(-5)/15*-1*3. Let j(t) = 5*t**3 + 3*t**2 - 6*t + 3. What is the remainder when j(g) is divided by 25?
22
Let r = 271 - 150. What is the remainder when r is divided by (-1)/((-10 + 5)*9/15)*93?
28
Calculate the remainder when 228*105/63 + -21 is divided by 272.
87
Let z = -2 